en x is divided by l?
11
Let k(a) = a**2 - 45*a + 1096. What is the remainder when k(15) is divided by 12?
10
Let y(x) = -x**2 + 12*x + 1. What is the remainder when (28/3)/(132/(-45) + 3) is divided by y(6)?
29
Suppose 47*h = 104*h - 154413. Calculate the remainder when h is divided by 181.
175
Suppose 0*j + 4*j + 32 = -3*k, -4*j + 5*k = 0. What is the remainder when 3/j - 62232/(-120) is divided by 13?
11
Let v(b) = 2*b**3 - 21*b**2 + 67*b + 28. Calculate the remainder when 172 is divided by v(5).
84
Let s(w) = 2*w**2 + 60*w - 159. Suppose -8*c + 56 = -144. What is the remainder when s(-36) is divided by c?
23
Suppose 10*x - 84 = 106. Suppose 0 = i - 1 - 3. Suppose -2*m - 2*m = -5*r + 34, -5*m + x = i*r. What is the remainder when 21 is divided by r?
3
Suppose 18*q + 2485 = -34*q + 9089. What is the remainder when 345 is divided by q?
91
Let l(v) be the first derivative of -5*v**2/2 - 32*v + 53. Calculate the remainder when l(-18) is divided by 2/3 - 46/(-3).
10
Suppose 4*v = -16, -4*r + 2*v + 2407 - 311 = 0. Calculate the remainder when 1602 is divided by r.
36
Let w = -609 - -612. Suppose -2*l - 71 = -m, -w*m - 1 = 3*l - 169. Calculate the remainder when m is divided by 31.
30
Suppose 26*t - 22*t - 100 = 0. Suppose -29*u + t*u = -8. Suppose u*w - 45 = -1. Calculate the remainder when 84 is divided by w.
18
Suppose -7726 = -49*a - 1895. What is the remainder when a is divided by 8?
7
Let g = 11735 + -11286. What is the remainder when g is divided by 105?
29
Let m = -638 - -138. Let b = m - -541. Suppose 5*z + 28 = 118. What is the remainder when b is divided by z?
5
Suppose 0 = c - 5*q - 54, -6*c + q + 427 - 248 = 0. Suppose 5*i + 9 = v, 2*i - 61 + 19 = -2*v. Calculate the remainder when c is divided by v.
10
Suppose 3*o - 11*j - 2958 = -16*j, -j - 4958 = -5*o. Calculate the remainder when o is divided by 326.
13
Let x = 174 + -70. Let n = 627 + -612. What is the remainder when x is divided by n?
14
Let w(f) = 4*f**2 + 549*f - 400. Calculate the remainder when 1663 is divided by w(-138).
11
Suppose 2*w + 31 = -4*j + 111, -5*w + 146 = j. Calculate the remainder when 4/(-2 + 168/82) is divided by w.
26
Let x(y) = -y**3 + 8*y**2 + 8*y - 5. Let s(b) = -b**3 + 9*b**2 + 7*b - 4. Let r(t) = 4*s(t) - 3*x(t). Calculate the remainder when r(11) is divided by 15.
14
Let r(d) = d**3 - d + 11. Let x be r(0). Let o be ((-2)/(-4))/(x/(-770)). What is the remainder when 23 is divided by (5 - 266/o) + 4/10?
10
Suppose p + 126 = -17*p. Calculate the remainder when 14 - (p - -11 - -2) is divided by 6.
2
Let b = -13638 - -13823. Calculate the remainder when 1862 is divided by b.
12
Suppose 0 = -2*g + a + 20, a = -a. Suppose -1 + g = -2*v + f, -5*f = -25. What is the remainder when (-1)/(1/(-9)) - v is divided by 6?
5
Suppose 0 = -3*u - 2*l + 23, -4*u + 22 = 2*l - 6. Suppose -1465 = -u*d + 5*s, -2*d - 3*s + 1193 = 2*d. What is the remainder when d is divided by 33?
32
Let n(l) = -485*l - 2396. Let x be n(-5). Let y = -7 - -20. Let b = x + y. What is the remainder when b is divided by 24?
18
Suppose -12*j - 5*j + 1445 = 0. What is the remainder when j/(5 - 8 - -4) is divided by 34?
17
Suppose -225*m + 219*m = -6. Suppose -19 = -2*d + 21. Suppose -d = -3*s + m. What is the remainder when s is divided by 3?
1
Let s = -11744 + 11868. What is the remainder when 1256 is divided by s?
16
Let s(l) = -49*l - 162. Suppose 0 = -12*z + z + 4081. Calculate the remainder when z is divided by s(-4).
31
Let y = -10465 + 10639. Calculate the remainder when y is divided by 167.
7
Let j(k) = 831*k**2 + 45*k + 1. Calculate the remainder when j(1) is divided by 11.
8
Suppose 0 = -3*t - d - 155, 0 = -4*t + 3*t + d - 57. Let p = -41 - t. Let z(n) = 41*n**3 + 2*n**2 + 2*n - 3. What is the remainder when z(1) is divided by p?
6
Suppose -3648 = -185*a - 43*a. Calculate the remainder when 7421 is divided by a.
13
Let t be (65/(-25) - -5) + (-4)/10. Suppose -t*d + 1 = -15. Suppose d*w - 5*w - 6 = 0. Calculate the remainder when 5 is divided by w.
1
Let j = -512 + 1148. Suppose 14*o + 5*q = 24*o - 870, 5*q = -5*o + 495. Calculate the remainder when j is divided by o.
90
Suppose 5*p + 37 = -3*k + 16, -5*p - 15 = 5*k. Let v(w) = -17*w + 168. Calculate the remainder when v(p) is divided by 23.
17
Let y(z) = -z**2 - 10*z + 23. Let f be y(-10). Let m(v) = 9*v + 2. Calculate the remainder when m(f) is divided by 71.
67
Let h = -42 - 255. Let r be (-2)/(-3)*h/(-66). Suppose -5*s - 3*t + 101 = -197, 0 = 4*s + r*t - 236. What is the remainder when s is divided by 17?
11
Suppose -140 = -17*j + 30. Let q(r) = -r**3 + 11*r**2 - 6*r - 30. What is the remainder when q(j) is divided by 10?
0
What is the remainder when ((-1100)/(-15))/10*(-87048)/(-39) is divided by 107?
104
What is the remainder when 3206 is divided by -42*((-621)/(-18))/(-23)?
56
Let s = -195 + 336. Suppose 0 = -3*o - 0*o + s. Suppose -96*r + 124*r = 672. What is the remainder when o is divided by r?
23
Let o = 14511 + -14413. What is the remainder when 254 is divided by o?
58
Suppose -5*l = 2*f - 4, 2*l = f + 3*l + 1. Let u(j) = -140*j - 966. What is the remainder when u(-7) is divided by -1 + 1 - -1 - f?
2
Let t = 3067 - 3017. What is the remainder when 1549 is divided by t?
49
Let m(l) = 4*l - 93. Let v be m(32). Suppose -3*d + 52 + v = 0. What is the remainder when d is divided by 11?
7
Let i be (328 + -3)*(12/20)/1. Suppose -p + i = -4*q, -3*p + 0*p - q = -559. Calculate the remainder when p is divided by 32.
27
Let w be -5 + (20/(-2))/(-5). Let r(g) = -7*g + 10. What is the remainder when r(w) is divided by 5?
1
Let n(u) = -301*u + 10856. Let x = -2 - -2. Let v(l) = -l**2 + l + 7. What is the remainder when n(36) is divided by v(x)?
6
Suppose -5*q + 50 + 86 = -119. What is the remainder when 1322 is divided by q?
47
Let q(l) = -3*l - 4. Let b be q(-3). Suppose b*n - 205 = 80. Suppose -38*g + 3*i = -43*g + 139, -5*g - i = -143. What is the remainder when n is divided by g?
28
Suppose 80910 + 5039 = 5*v - 2*o, -o = -15*v + 257887. Calculate the remainder when v is divided by 19.
17
Suppose -z = 6*z + 63. Let k be (4146/(-54) - -3) + 2/z. Let l = -6 - k. Calculate the remainder when l is divided by 14.
12
Suppose 676 = 5*j - 4*j - 4*k, j - 671 = 3*k. Let o = j + -575. Calculate the remainder when 147 is divided by o.
66
Let j(v) = -3*v**3 + 59*v**2 - 23*v - 69. What is the remainder when j(17) is divided by 7?
4
Suppose -4*a + 5*q - 23 = 0, 51*a - 30 = 48*a - 3*q. What is the remainder when 352 is divided by a?
1
Let t = 10 - 6. Let b be 6/21 + (-144)/(-84). Suppose 5*r = 4*k + 31, b*k = -k + 3. What is the remainder when r is divided by t?
3
Let g(p) = -4*p - 152. Let b be g(-37). Let z(w) = 2*w - 3*w**3 + 7*w - 3*w + 6*w**2 + 4*w**3 + 3. What is the remainder when 76 is divided by z(b)?
10
Let q = 215 + -212. Suppose -f + 4 + 16 = 2*x, q*f = -x + 75. Calculate the remainder when f is divided by 8.
2
Suppose -7 = 2*g + 3*l, -18*g - 21 = -20*g + l. What is the remainder when 3176 is divided by g?
5
Let x = 77 + -73. Let w = -29 + 33. Suppose -4*j = 5*t - 446, w*j = x*t - 370 + 42. Calculate the remainder when t is divided by 22.
20
What is the remainder when 919 is divided by 332/8*(-7)/21*-6?
6
Let d(b) = -94*b - 1768. Calculate the remainder when d(-20) is divided by 17.
10
Let d(h) = 287*h - 1223. Calculate the remainder when d(5) is divided by 59.
35
Let q = -2815 - -2825. What is the remainder when 849 is divided by q?
9
Suppose -3*r = -3*g + 5 + 25, 3 = r. Let c(a) = -4 - 19*a + 12*a - 6 - g. Calculate the remainder when 59 is divided by c(-5).
11
Let w = 5775 + -5558. What is the remainder when 3246 is divided by w?
208
Suppose -a = -3*f + 285, -10*f + 6*f - 2*a + 370 = 0. Suppose -97*w = -f*w - 144. Calculate the remainder when w is divided by 31.
17
Suppose 0 = -5*u + 5*g + 140, -224*u + 228*u = 2*g + 104. Let i = -112 + 203. Calculate the remainder when i is divided by u.
19
Suppose 104*q - 65*q - 72100 = -61*q. Calculate the remainder when q is divided by 117.
19
Suppose -2*g = -4*c - 372, 26*g - 23*g - 565 = -c. Calculate the remainder when g is divided by 146.
42
Let m(o) = -122*o**2 - o - 1. Let z be m(1). Let w = -112 - z. Let x = -234 + 352. What is the remainder when x is divided by w?
10
Let i be (-42)/(-3) - (